at is the units digit of p(1)?
9
Suppose -29*p + 27*p = 0. Let h be -1 - p - 1 - -6. Suppose 4*f = f - u + 91, 0 = -h*f - 2*u + 118. What is the tens digit of f?
3
Suppose 0 = -16*k - 98 - 1726. Let d = k - -212. What is the tens digit of d?
9
Let m(c) = c**2 + 9*c - 40. Let v be m(-12). What is the units digit of 6/(-12) + (-1198)/v?
9
Let n(k) = 525*k - 1685. What is the ten thousands digit of n(30)?
1
Let u = 29 + 3379. What is the tens digit of u?
0
Let v(b) = 3*b**3 + 20*b**2 - 48*b + 43. What is the thousands digit of v(16)?
6
Suppose -2*m - 5*q = -137, 34 = m - 2*q - 48. Let p = m - 76. Suppose 652 = 4*c - p*c. What is the units digit of c?
3
Let d = -157 + 162. Suppose -59 = d*i - 394. What is the units digit of i?
7
Let v(r) = -37*r + 9. Let q be (-20)/(-10) + -1 + -3. Let d be (64/11 - q/11)*-1. What is the units digit of v(d)?
1
What is the ten thousands digit of (84336/(-80))/(5/(-4 - 271))?
5
Suppose -2*d + 5*c - 22 = 0, 6*d + 5*c + 2 = 4*d. Let o(i) = -4*i**2 - 27*i - 10. What is the units digit of o(d)?
8
Suppose -25*i + 30 = -10*i. Let w be 1/((2/1)/20). Suppose -i*x + w*x - 648 = 0. What is the tens digit of x?
8
Suppose -72*q - 72 = -78*q. Suppose q*m - m = 4961. What is the hundreds digit of m?
4
Suppose -1210 = -5*h + 710. Let r = 105 + h. What is the hundreds digit of r?
4
Suppose -65*h = -58*h - 497. Let c = 73 - h. Suppose c*i = 2*n - 49 - 37, -5*i = n - 13. What is the tens digit of n?
3
Let h(s) = 1173*s - 337. What is the thousands digit of h(13)?
4
Let v(t) = -t**2 - 6*t - 5. Let z be v(-5). Suppose 3*k + 176 - 986 = z. What is the tens digit of k?
7
Let a(c) = -4*c**3 + 6*c**3 - 1 - 6*c - 7 - 3*c**3 - 5*c**2. Let r be a(-4). Suppose 4*k - v - 131 = 137, r = 4*k - 4*v - 280. What is the tens digit of k?
6
Suppose -32 = -n - 3*n + 4*o, 0 = -4*o - 12. Suppose 3*s - 10 = -c + 7*s, -n*s = 2*c - 7. What is the units digit of (50/c)/(3/((-36)/(-4)))?
5
Suppose -14297 = -25*x - 10*x + 6*x. What is the units digit of x?
3
Let f be 18/36 - 6/(-4). Suppose b = 5*q - 97 + 654, 0 = f*b + 5*q - 1129. What is the units digit of b?
2
Let j = -12046 + 17530. Suppose 31*p - j - 27345 = 0. What is the units digit of p?
9
Suppose 273*j - 276*j = 4*v - 158906, 3*j = -6. What is the hundreds digit of v?
7
Suppose 156*s - 1252563 + 197019 = 34*s. What is the tens digit of s?
5
Let w = -26 - -32. Suppose -4*r + w = 3*q, 3*q = 5*q - r - 4. What is the units digit of q*-2*(-3)/4 + 118?
1
Suppose 1092 = 6*n + n. Suppose 0 = 14*h - 8*h - n. Let b = h - -97. What is the hundreds digit of b?
1
Let a = -626 + 2426. Let t = -1116 + a. What is the units digit of t?
4
What is the hundreds digit of -1*1*2 + -8027*190/(-874)?
7
What is the hundreds digit of (-2)/4*-3*(-2)/12*-32056?
0
Let f = -13 + 19. Suppose -a - 2*n - 11 = 11, -2*n = -f. What is the units digit of (-288)/a*6 - 4/(-14)?
2
Let n(l) = 18*l + 223. Let t be n(-12). Suppose -9*v + t*v = -1936. What is the hundreds digit of v?
9
Let l = -403 - -6346. What is the tens digit of l?
4
Let u(x) be the third derivative of 17*x**5/60 - x**4/6 - x**3/3 + 12*x**2. Let z be u(5). Let l = z - 214. What is the hundreds digit of l?
1
Let r(k) = -4*k - 4. Let p be r(-1). Suppose 0 = -3*t + 2*w + 139, -3*t + 3*w - 2*w + 143 = p. What is the tens digit of t?
4
Let x = 7154 + 5962. What is the tens digit of x?
1
Let g = 15068 + -9100. What is the thousands digit of g?
5
Let h(w) = 6722*w**3 + 2*w**2 - 5*w + 3. What is the tens digit of h(1)?
2
Suppose -r + 261 = -2*r. Let k = -132 - r. What is the hundreds digit of k?
1
Suppose 3891 = 2*g + 3*g + 3*j, 5*g - 3883 = j. Suppose -40*r + 41*r = 3, -v - r + g = 0. What is the units digit of v?
4
Let i(r) = 4*r**3 - 6*r**2. Let u be i(2). Let c = -310 + 477. Suppose 5*w - u*w = -4*z - c, w = -z + 51. What is the tens digit of w?
5
Suppose 12*x = -m + 10*x + 3869, 4*m - 5*x - 15476 = 0. What is the units digit of m?
9
Suppose 0 = c - 3*z - 5819, -3191 = 2*c - 5*z - 14832. What is the tens digit of c?
2
Let r = -34999 - -60561. What is the thousands digit of r?
5
Let f = 3726 - 2059. Suppose 3*l - 2075 = -5*p, 0 = 4*p + 2*l - l - f. What is the units digit of p?
8
Let c be 10/(-2)*3489744/(-345). What is the units digit of (-2)/(-3) + c/87?
2
Suppose -3*g - 3*z = -6*z - 6, -8 = -4*g - 2*z. Suppose g*u - 2 = 8. Suppose -o + 5*w = -2*o + 49, -u*o + 179 = 3*w. What is the units digit of o?
4
Let l be -1 - (5 + 4)/(-3). Suppose l*d - 2*d = 2*d. Suppose 0 = -2*b + 3*q + 245, 5*q - 142 = -b - d*b. What is the hundreds digit of b?
1
Suppose -660624 = -67*k + 19*k. What is the tens digit of k?
6
Let y(g) = g**2 + 2*g - 6. Let v be y(-5). Suppose -8*f - 6 = -9*f. Suppose i = -n + 135, -v*i = -f*i. What is the units digit of n?
5
What is the ten thousands digit of (-20935264)/(-532) - (-16)/((-6)/(-3))?
3
Let l = 24253 - 10104. What is the ten thousands digit of l?
1
Suppose -182*m + 238*m - 777280 = 0. What is the tens digit of m?
8
Suppose 4*k = 5*g - 4*g + 28, -2*g + 3*k - 71 = 0. Let d be (g/12)/((-2)/9). What is the tens digit of (-1 - (-200)/d)*9?
1
What is the thousands digit of (220/(-25))/((-36)/74610)?
8
Suppose 5*c - 8 = 2*t, -89*c + 2 = -3*t - 84*c. Let x = 1880 + -1286. Suppose 15*r - x = t*r. What is the tens digit of r?
6
Let j = -924 - -1490. Let i = j + -225. What is the units digit of i?
1
Let y(b) = 2*b**2 - 5*b + 28. Suppose 0 = -4*a - 13 - 11. What is the tens digit of y(a)?
3
What is the tens digit of ((-16)/(-2) + -27 + (-498)/(-24))*25924?
6
Suppose -357*d + 4799076 = -75*d. What is the units digit of d?
8
Let d = 4570 - -1004. What is the thousands digit of d?
5
Suppose -46*c = -44*c - 162. Suppose -c*j + 710 = -79*j. What is the units digit of j?
5
Suppose -21*f = -167506 + 1186. What is the units digit of f?
0
Let r = 655 - -176. Suppose -r = -10*n + 1549. What is the tens digit of n?
3
Let o = 359 + -1054. Let u = o - -981. What is the units digit of u?
6
Suppose -177816 = -863*a + 839*a. What is the tens digit of a?
0
Let p = 1 + 969. What is the units digit of p?
0
Let p = 1307 + 417. Suppose -w - 284 + p = 0. What is the hundreds digit of w?
4
Let m = 23803 - 4195. What is the units digit of m?
8
Suppose -4*a = -8, -4*x + a = -3*a + 664. Let f = x + -124. Let z = f - -417. What is the hundreds digit of z?
1
Suppose -4 - 2 = -i + 2*h, -5*i = 4*h + 12. What is the hundreds digit of 12/(-2)*(-182 - i)?
0
Let t(r) = -256*r + 116. Let j(m) = 17*m + 166. Let h be j(-10). What is the thousands digit of t(h)?
1
What is the thousands digit of (2/((-18)/249741))/((-3)/(2 + 1))?
7
Suppose 234*b - 168*b - 1057056 = 0. What is the thousands digit of b?
6
Let f = 421 - -6890. What is the units digit of f?
1
Suppose -b + 32 = b. Let o be 414/10 - 63/(-270)*-6. Suppose 3*v + 4*h + 0 = o, -b = -v - 4*h. What is the tens digit of v?
1
Let i = 43495 + -27709. What is the thousands digit of i?
5
Suppose 73*d + 22504 = 53*d + 152164. What is the tens digit of d?
8
Let z = 13821 - 8482. What is the tens digit of z?
3
Let i(r) = -r + 7. Suppose 2*c - 7 = -3*w, -3*c - 1 + 6 = -w. Let d(q) = 4*q**3 - 3*q**2 + q + 1. Let b be d(w). What is the units digit of i(b)?
4
Suppose -9*l + 57 = 3. Suppose 4*s + 6*p = 10*p + 1964, -l = -3*p. What is the units digit of s?
3
Let m(p) = 15*p**2 + 15 - 7*p**2 - p + 4*p**2 - p**3 - 7*p**2. Let v(z) = -z**3 + 6*z**2 + 8*z - 2. Let k be v(7). What is the tens digit of m(k)?
1
Let q = 102 + -24. Suppose -200 = -604*b + 594*b. Let s = b + q. What is the units digit of s?
8
Suppose 1294*p = 1284*p + 640. Let c = 117 + 5. Let y = c - p. What is the tens digit of y?
5
Suppose 2 = 4*l - 14. Suppose 1 + 9 = -4*d - 2*y, -l*d - y = 9. Let t(p) = -34*p + 3. What is the tens digit of t(d)?
7
Let i(w) = 12*w**2 + 13*w + 20. Suppose -11*l + 3*l - 80 = 0. Let c be i(l). What is the hundreds digit of (3/2)/(15/c)?
1
Let u be (-23)/(-92) - 69717/(-12). Suppose -6*d + u = d. What is the units digit of d?
0
Suppose 57*f + 754 = 28*f. Let h = 152 + f. What is the hundreds digit of h?
1
Let h(i) = -9*i**2 - 27*i**3 + 9*i - 4 + 0 + 10*i + 28*i**3. Let g be h(8). What is the units digit of ((-42)/49)/((-2)/g)?
6
Let c = -468 - -392. Suppose 3*z + 5*z - 624 = 0. Let a = z + c. What is the units digit of a?
2
Suppose -4*c + 2*x - 42 = -7*c, -3*x = 0. Sup